o base 10.
645450
Convert 377661 (base 11) to base 9.
1107184
Convert -12121022102220 (base 3) to base 6.
-143500210
What is -141006 (base 10) in base 12?
-69726
387997 (base 12) to base 2
11100010000011000011
-233524112 (base 6) to base 10
-4381388
Convert 20212211011222 (base 3) to base 4.
31330330313
What is -441344034 (base 5) in base 7?
-22114106
Convert -6ed4ab (base 15) to base 7.
-63063602
-6513610 (base 8) to base 16
-1a9788
-1c38f (base 16) to base 7
-661011
What is 21450250 (base 6) in base 11?
40000a
What is -145ad3 (base 16) in base 15?
-1b53b6
141049 (base 10) to base 9
234431
What is -121100202011011 (base 3) in base 14?
-122499d
Convert 200110011 (base 4) to base 8.
402405
Convert -1552217 (base 8) to base 7.
-3543022
-1305202 (base 8) to base 13
-c9399
Convert -1033032 (base 4) to base 8.
-11716
What is -42317d (base 14) in base 8?
-10420373
-15dad (base 15) to base 16
-113bc
What is 11331 (base 8) in base 6?
34201
What is -111101111100001 (base 2) in base 13?
-11586
What is 7441247 (base 9) in base 14?
7599ad
314267 (base 8) to base 11
7167a
-167894a (base 12) to base 9
-8650834
14cc6 (base 14) to base 5
3130133
What is -144043 (base 7) in base 11?
-19996
1577312 (base 10) to base 11
988070
Convert -101212010002221 (base 3) to base 15.
-78e6aa
What is -13415333 (base 6) in base 4?
-1232232021
55c020 (base 14) to base 15
3c86c1
Convert 60ff1 (base 16) to base 13.
10bab4
What is 15122514 (base 6) in base 9?
878061
What is 231618 (base 10) in base 5?
24402433
-12434552 (base 6) to base 7
-3323225
Convert -1120220101021 (base 3) to base 13.
-2374a5
What is -c2a47a (base 16) in base 7?
-213265524
What is 23022223 (base 5) in base 9?
341701
11210132 (base 5) to base 13
36a88
What is 10478d (base 15) in base 10?
774583
-440230041 (base 5) to base 10
-1883146
-1343088 (base 9) to base 8
-2637513
What is 27546 (base 10) in base 9?
41706
What is -4221430 (base 9) in base 6?
-120222000
What is 44130242 (base 5) in base 10?
380072
What is 11111111011110001 (base 2) in base 8?
377361
What is -555343205 (base 6) in base 15?
-d3ac52
-1110100011010111 (base 2) to base 9
-100680
-5731929 (base 11) to base 14
-1491b44
Convert 353706 (base 8) to base 16.
1d7c6
2062003 (base 7) to base 14
67373
Convert 1212000021112 (base 3) to base 5.
222444403
Convert 192887 (base 11) to base 2.
1001000011001100001
Convert -34339 (base 14) to base 9.
-213018
6506644 (base 7) to base 3
1111020211221
607b74 (base 14) to base 6
153342534
c08c15 (base 15) to base 3
122012110202202
-53623 (base 10) to base 7
-312223
What is 1233013 (base 5) in base 15?
723d
Convert 114035115 (base 6) to base 5.
1022314231
Convert -371648 (base 15) to base 12.
-a72265
-346697 (base 10) to base 14
-904c1
-1604a (base 11) to base 13
-a429
What is cbc30 (base 13) in base 6?
11524102
200221101220 (base 3) to base 4
1123001031
What is 1101011001011111001110 (base 2) in base 15?
495a15
What is -9a7004 (base 11) in base 4?
-12013321012
-aa91c (base 13) to base 16
-4b786
What is 3110465 (base 7) in base 14?
999dc
What is -94261 (base 11) in base 16?
-218ba
Convert -201121002111 (base 3) to base 16.
-5e2ac
ed43 (base 15) to base 5
3101423
What is -1ce22 (base 15) in base 9?
-153325
What is -26140530 (base 8) in base 4?
-112030011120
What is -131120122322 (base 4) in base 11?
-4390862
-b138 (base 14) to base 5
-1433210
What is -10232322113 (base 4) in base 8?
-4567227
16120372 (base 8) to base 6
211313334
Convert 2928a87 (base 11) to base 2.
10011001100111101011000
2535426 (base 7) to base 2
1010000001100010011
What is -3204056 (base 10) in base 13?
-8824bb
Convert 10101000100 (base 3) to base 4.
100030230
What is -9241833 (base 10) in base 11?
-5242587
Convert 11942 (base 12) to base 11.
16986
What is -cb2b4 (base 15) in base 11?
-400866
Convert 110011010100 (base 2) to base 16.
cd4
Convert -858d80 (base 15) to base 12.
-21675b6
What is -2534325 (base 6) in base 2?
-100001011101101101
-4f5a9 (base 16) to base 13
-b4c37
What is -210122110001 (base 3) in base 12?
-186691
Convert -524044 (base 7) to base 15.
-1bb11
Convert 223322013 (base 4) to base 14.
49783
1409373 (base 11) to base 15
32e6e2
What is 4620077 (base 8) in base 5?
310102224
What is -755674 (base 8) in base 10?
-252860
What is -10001111001110010 (base 2) in base 7?
-423535
Convert 809820 (base 12) to base 14.
3a37a8
-102122020220221 (base 3) to base 16
-5e6225
-62376 (base 13) to base 6
-3440300
210100020 (base 3) to base 14
5954
Convert 111001111000101100110 (base 2) to base 14.
375382
What is 164234 (base 10) in base 5?
20223414
What is 874780 (base 9) in base 14?
d828a
Convert -3641473 (base 9) to base 10.
-1975980
10807842 (base 9) to base 10
5261150
What is -5427648 (base 10) in base 4?
-110231013000
Convert 11331340 (base 7) to base 10.
999334
-3545774 (base 8) to base 5
-222012344
1121200200211 (base 3) to base 5
210004444
Convert -111143 (base 12) to base 16.
-42483
What is 34225001 (base 7) in base 13?
805022
What is -33223022 (base 4) in base 16?
-faca
What is -20854 (base 15) in base 6?
-2113241
-6e22 (base 15) to base 6
-300252
Convert 123123201 (base 4) to base 16.
1b6e1
What is -4241033 (base 6) in base 14?
-55925
What is 5e9d36 (base 15) in base 16?
454260
-3a319 (base 13) to base 2
-11010011010010110
4013441440 (base 5) to base 9
15861103
31836 (base 9) to base 16
5265
Convert 1034215 (base 9) to base 13.
165350
100100010001000011 (base 2) to base 13
527c9
Convert -8a6ea6 (base 15) to base 7.
-110065665
-31cda (base 16) to base 10
-203994
11101100101011001100110 (base 2) to base 14
105c42a
What is 126c9 (base 13) in base 2?
1000010101010110
112121033010 (base 4) to base 13
12a70b5
What is 23213 (base 9) in base 15?
48c3
Convert -135333 (base 8) to base 7.
-256314
Convert 12211220210 (base 3) to base 11.
79547
What is -291608 (base 11) in base 4?
-1233110000
Convert 1115607 (base 12) to base 4.
30131020213
Convert -1513301004 (base 6) to base 3.
-1022121012022011
What is 634144 (base 7) in base 6?
2202534
What is -cd598 (base 16) in base 3?
-1120201210022
What is 3c2193 (base 14) in base 13?
57ab44
-53546166 (base 7) to base 15
-603056
What is 3154143 (base 6) in base 16?
25e0f
68150 (base 10) to base 5
4140100
20222101210 (base 3) to base 6
2535503
Convert 327836 (base 15) to base 3.
11112011211120
10121003 (base 4) to base 10
17987
What is -13136736 (base 8) in base 9?
-5458178
Convert -1471948 (base 11) to base 8.
-11473224
Convert -1010000110001100011 (base 2) to base 15.
-6806b
What is 143 (base 12) in base 14?
dd
20012121120 (base 3) to base 12
5a866
Convert -4672 (base 11) to base 8.
-13761
Convert -182c7 (base 13) to base 2.
-1011011000101110
What is 1148598 (base 10) in base 14?
21c82a
-57cb (base 16) to base 13
-a2cb
Convert -20ddf3 (base 16) to base 5.
-1022411341
-5a757 (base 13) to base 7
-1261024
What is -8006 (base 14) in base 13?
-9cc1
What is -20400324 (base 5) in base 15?
-3505e
What is -95e9c1 (base 16) in base 5?
-10003342310
11628db (base 15) to base 6
1123040442
Convert 1015500332 (base 6) to base 4.
220203030200
1a5716 (base 13) to base 15
d33b0
What is -1100100101101111111000 (base 2) in base 6?
-154423212
What is -1011010010100101010 (base 2) in base 7?
-3100415
645164 (base 9) to base 14
a00b8
57c53a (base 14) to base 7
34301003
13023 (base 11) to base 9
27532
What is -91c89 (base 15) in base 12?
-1a3319
Convert -a25716 (base 13) to base 7.
-44101636
What is 204130020 (base 5) in base 3?
1121010021120
What is -63755 (base 9) in base 8?
-122272
Convert -1122022202222 (base 3) to base 14.
-189d3c
Convert -4544222 (base 6) to base 13.
-81584
Convert -161435 (base 8) to base 3.
-2221202101
10104442 (base 5) to base 13
2b35b
-22342824 (base 9) to base 12
-3765a57
What is -2211011232 (base 4) in base 8?
-2450556
What is 147cac (base 14) in base 13?
1bc817
741208 (base 10) to base 4
2310331120
-2ecf5c (base 16) to base 7
-35034564
-1401254 (base 8) to base 15
-7baa0
What is 610226 (base 8) in base 16?
31096
What is 553867 (base 11) in base 15?
126b99
-1211102001000 (base 3) to base 5
-222110023
12221021102022 (base 3) to base 13
865ba4
-133104244 (base 5) to base 16
-a4ef6
-1112120000111 (base 3) to base 8
-3075437
-670632 (base 10) to base 4
-2203232220
What is -1000011101100000001110 (base